{"id":289,"date":"2026-03-07T08:29:29","date_gmt":"2026-03-07T08:29:29","guid":{"rendered":"https:\/\/hundehaltertraining.de\/?page_id=289"},"modified":"2026-03-07T08:38:05","modified_gmt":"2026-03-07T08:38:05","slug":"schul-und-therapiehund","status":"publish","type":"page","link":"https:\/\/hundehaltertraining.de\/index.php\/schul-und-therapiehund\/","title":{"rendered":"Schul- und Therapiehund"},"content":{"rendered":"\t\t<div data-elementor-type=\"wp-page\" data-elementor-id=\"289\" class=\"elementor elementor-289\">\n\t\t\t\t<div class=\"elementor-element elementor-element-e71c694 e-flex e-con-boxed e-con e-parent\" data-id=\"e71c694\" data-element_type=\"container\" data-e-type=\"container\">\n\t\t\t\t\t<div class=\"e-con-inner\">\n\t\t\t\t<div class=\"elementor-element elementor-element-f362ea4 elementor-widget elementor-widget-heading\" data-id=\"f362ea4\" data-element_type=\"widget\" data-e-type=\"widget\" data-widget_type=\"heading.default\">\n\t\t\t\t\t<h2 class=\"elementor-heading-title elementor-size-default\">Der Schul- und Therapiehund \/ TGP im Alltag<\/h2>\t\t\t\t<\/div>\n\t\t\t\t<div class=\"elementor-element elementor-element-f4faad4 elementor-widget elementor-widget-text-editor\" data-id=\"f4faad4\" data-element_type=\"widget\" data-e-type=\"widget\" data-widget_type=\"text-editor.default\">\n\t\t\t\t\t\t\t\t\t<p>Schul- und Therapiehunde \/ TGP (Tiergesch\u00fctze P\u00e4dagogen) kommen mittlerweile in vielen Schulen zum Einsatz, die Zahl der<br \/>Hund-P\u00e4dagogen-Teams in Schulen und Einrichtungen steigt erfreulicherweise stetig an. 75% der Grund- und F\u00f6rderschulen<br \/>setzen Tiere ein.<\/p><p>Hunde mit ca. 30 % die gr\u00f6\u00dfte Gruppe.<\/p><p><img fetchpriority=\"high\" decoding=\"async\" class=\"alignnone size-medium wp-image-291\" src=\"https:\/\/hundehaltertraining.de\/wp-content\/uploads\/2026\/03\/Therapiehund-Hule-Tafel-Klasse-225x300.jpg\" alt=\"\" width=\"225\" height=\"300\" srcset=\"https:\/\/hundehaltertraining.de\/wp-content\/uploads\/2026\/03\/Therapiehund-Hule-Tafel-Klasse-225x300.jpg 225w, https:\/\/hundehaltertraining.de\/wp-content\/uploads\/2026\/03\/Therapiehund-Hule-Tafel-Klasse-768x1024.jpg 768w, https:\/\/hundehaltertraining.de\/wp-content\/uploads\/2026\/03\/Therapiehund-Hule-Tafel-Klasse-1152x1536.jpg 1152w, https:\/\/hundehaltertraining.de\/wp-content\/uploads\/2026\/03\/Therapiehund-Hule-Tafel-Klasse.jpg 1200w\" sizes=\"(max-width: 225px) 100vw, 225px\" \/><\/p><p><strong>Praktische Ausbildung des TGP Hundes<\/strong><br \/>Die praktische Ausbildung eines TGP Hundes ist ein strukturierter Prozess, der mehrere Schritte umfasst. Zun\u00e4chst erfolgt die<br \/>Eignungsfeststellung des Hundes durch qualifizierte Personen, um sicherzustellen, dass der Hund f\u00fcr den Einsatz im schulischen<br \/>Umfeld geeignet ist.<\/p><p>Anschlie\u00dfend wird der Hund in qualifizierten Praxisbetrieben ausgebildet. Diese Ausbildung umfasst mindestens 40<br \/>Unterrichtsstunden, in denen der Hund die erforderlichen F\u00e4higkeiten f\u00fcr den Einsatz im Alltag erlernt.<\/p><p><img decoding=\"async\" class=\"alignnone size-medium wp-image-292\" src=\"https:\/\/hundehaltertraining.de\/wp-content\/uploads\/2026\/03\/Therapiehund-Jule-in-Box-300x225.jpg\" alt=\"\" width=\"300\" height=\"225\" srcset=\"https:\/\/hundehaltertraining.de\/wp-content\/uploads\/2026\/03\/Therapiehund-Jule-in-Box-300x225.jpg 300w, https:\/\/hundehaltertraining.de\/wp-content\/uploads\/2026\/03\/Therapiehund-Jule-in-Box-1024x768.jpg 1024w, https:\/\/hundehaltertraining.de\/wp-content\/uploads\/2026\/03\/Therapiehund-Jule-in-Box-768x576.jpg 768w, https:\/\/hundehaltertraining.de\/wp-content\/uploads\/2026\/03\/Therapiehund-Jule-in-Box-1536x1152.jpg 1536w, https:\/\/hundehaltertraining.de\/wp-content\/uploads\/2026\/03\/Therapiehund-Jule-in-Box.jpg 1600w\" sizes=\"(max-width: 300px) 100vw, 300px\" \/><\/p><p>Das Training findet sowohl innerhalb als auch au\u00dferhalb der Zielorte wie Schule, Zuhause oder Heim statt, um den Hund auf verschiedene<br \/>Situationen vorzubereiten und eine optimale Anpassung zu gew\u00e4hrleisten.<\/p><p>Dar\u00fcber hinaus wird ein Netzwerk von TGP Hundeteams, beispielsweise bei der IHK oder dem BHV, geschaffen, um den<br \/>Austausch und die Zusammenarbeit zu f\u00f6rdern.\u00a0<\/p><p>Auch nach der Qualifizierung werden die Halter-Hund-Teams weiterhin begleitet und fortgebildet, um die Qualit\u00e4t und das Wohlergehen der Tiere sowie den p\u00e4dagogischen Erfolg langfristig zu sichern.<\/p><p>Wer Schul- oder Therapiehunde begleitet, kennt diese wunderbaren, erstaunten, ber\u00fchrenden und wertvollen Augenblicke die sich aus dieser Arbeit ergeben. Viel mehr als Hundekuscheln.<\/p>\t\t\t\t\t\t\t\t<\/div>\n\t\t\t\t<div class=\"elementor-element elementor-element-b07c488 elementor-widget-divider--view-line elementor-widget elementor-widget-divider\" data-id=\"b07c488\" data-element_type=\"widget\" data-e-type=\"widget\" data-widget_type=\"divider.default\">\n\t\t\t\t\t\t\t<div class=\"elementor-divider\">\n\t\t\t<span class=\"elementor-divider-separator\">\n\t\t\t\t\t\t<\/span>\n\t\t<\/div>\n\t\t\t\t\t\t<\/div>\n\t\t\t\t<div class=\"elementor-element elementor-element-02fad02 elementor-widget elementor-widget-heading\" data-id=\"02fad02\" data-element_type=\"widget\" data-e-type=\"widget\" data-widget_type=\"heading.default\">\n\t\t\t\t\t<h2 class=\"elementor-heading-title elementor-size-default\">Klare Regeln f\u00fcr den Umgang mit dem Schul- und Therapiehund<\/h2>\t\t\t\t<\/div>\n\t\t\t\t<div class=\"elementor-element elementor-element-1a2fa70 elementor-widget elementor-widget-text-editor\" data-id=\"1a2fa70\" data-element_type=\"widget\" data-e-type=\"widget\" data-widget_type=\"text-editor.default\">\n\t\t\t\t\t\t\t\t\t<p><span style=\"color: #ff0000;\"><strong>Rotes<\/strong> <\/span>Halstuch = KEIN Kontakt!<\/p><p><img decoding=\"async\" class=\"size-full wp-image-293 alignnone\" src=\"https:\/\/hundehaltertraining.de\/wp-content\/uploads\/2026\/03\/Screenshot-2026-03-07-091231.png\" alt=\"\" width=\"274\" height=\"247\" \/><\/p><ul><li>Nicht ansprechen!<\/li><li>Nicht anfassen!\u00a0<\/li><\/ul>\t\t\t\t\t\t\t\t<\/div>\n\t\t\t\t<div class=\"elementor-element elementor-element-fd71963 elementor-widget elementor-widget-text-editor\" data-id=\"fd71963\" data-element_type=\"widget\" data-e-type=\"widget\" data-widget_type=\"text-editor.default\">\n\t\t\t\t\t\t\t\t\t<p><span style=\"color: #008000;\"><strong>Gr\u00fcnes<\/strong> <\/span>Halstuch = Kontakt m\u00f6glich.\u00a0<\/p><p><img loading=\"lazy\" decoding=\"async\" class=\"alignnone size-full wp-image-296\" src=\"https:\/\/hundehaltertraining.de\/wp-content\/uploads\/2026\/03\/Screenshot-2026-03-07-093036.png\" alt=\"\" width=\"267\" height=\"271\" \/><\/p><ul><li>Hundehalter ansprechen.<\/li><li>Hand hinhalten zum Schnuppern (stehen bleiben).<\/li><li>Hund vorsichtig am K\u00f6rper streichel &#8211; nicht die Hand zur\u00fcckziehen.<\/li><\/ul>\t\t\t\t\t\t\t\t<\/div>\n\t\t\t\t<div class=\"elementor-element elementor-element-2c637e1 elementor-widget elementor-widget-text-editor\" data-id=\"2c637e1\" data-element_type=\"widget\" data-e-type=\"widget\" data-widget_type=\"text-editor.default\">\n\t\t\t\t\t\t\t\t\t<p><span style=\"color: #ff0000;\">Rot<\/span>&#8211;<span style=\"color: #008000;\">Gr\u00fcnes<\/span> Halstuch = Hund ist als Schulhund in der Klasse im Einsatz.<\/p><p><img loading=\"lazy\" decoding=\"async\" class=\"alignnone size-full wp-image-295\" src=\"https:\/\/hundehaltertraining.de\/wp-content\/uploads\/2026\/03\/Screenshot-2026-03-07-091320.png\" alt=\"\" width=\"293\" height=\"293\" srcset=\"https:\/\/hundehaltertraining.de\/wp-content\/uploads\/2026\/03\/Screenshot-2026-03-07-091320.png 293w, https:\/\/hundehaltertraining.de\/wp-content\/uploads\/2026\/03\/Screenshot-2026-03-07-091320-150x150.png 150w\" sizes=\"(max-width: 293px) 100vw, 293px\" \/><\/p><p>\u00a0<\/p>\t\t\t\t\t\t\t\t<\/div>\n\t\t\t\t\t<\/div>\n\t\t\t\t<\/div>\n\t\t<div class=\"elementor-element elementor-element-611098e e-flex e-con-boxed e-con e-parent\" data-id=\"611098e\" data-element_type=\"container\" data-e-type=\"container\">\n\t\t\t\t\t<div class=\"e-con-inner\">\n\t\t\t\t<div class=\"elementor-element elementor-element-61155bb elementor-widget-divider--view-line elementor-widget elementor-widget-divider\" data-id=\"61155bb\" data-element_type=\"widget\" data-e-type=\"widget\" data-widget_type=\"divider.default\">\n\t\t\t\t\t\t\t<div class=\"elementor-divider\">\n\t\t\t<span class=\"elementor-divider-separator\">\n\t\t\t\t\t\t<\/span>\n\t\t<\/div>\n\t\t\t\t\t\t<\/div>\n\t\t\t\t\t<\/div>\n\t\t\t\t<\/div>\n\t\t\t\t<\/div>\n\t\t","protected":false},"excerpt":{"rendered":"<p>Der Schul- und Therapiehund \/ TGP im Alltag Schul- und Therapiehunde \/ TGP (Tiergesch\u00fctze P\u00e4dagogen) kommen mittlerweile in vielen Schulen zum Einsatz, die Zahl derHund-P\u00e4dagogen-Teams in Schulen und Einrichtungen steigt erfreulicherweise stetig an. 75% der Grund- und F\u00f6rderschulensetzen Tiere ein. Hunde mit ca. 30 % die gr\u00f6\u00dfte Gruppe. Praktische Ausbildung des TGP HundesDie praktische Ausbildung [&hellip;]<\/p>\n","protected":false},"author":2,"featured_media":0,"parent":0,"menu_order":0,"comment_status":"closed","ping_status":"closed","template":"","meta":{"footnotes":""},"class_list":["post-289","page","type-page","status-publish","hentry","wpbf-post"],"_links":{"self":[{"href":"https:\/\/hundehaltertraining.de\/index.php\/wp-json\/wp\/v2\/pages\/289","targetHints":{"allow":["GET"]}}],"collection":[{"href":"https:\/\/hundehaltertraining.de\/index.php\/wp-json\/wp\/v2\/pages"}],"about":[{"href":"https:\/\/hundehaltertraining.de\/index.php\/wp-json\/wp\/v2\/types\/page"}],"author":[{"embeddable":true,"href":"https:\/\/hundehaltertraining.de\/index.php\/wp-json\/wp\/v2\/users\/2"}],"replies":[{"embeddable":true,"href":"https:\/\/hundehaltertraining.de\/index.php\/wp-json\/wp\/v2\/comments?post=289"}],"version-history":[{"count":7,"href":"https:\/\/hundehaltertraining.de\/index.php\/wp-json\/wp\/v2\/pages\/289\/revisions"}],"predecessor-version":[{"id":305,"href":"https:\/\/hundehaltertraining.de\/index.php\/wp-json\/wp\/v2\/pages\/289\/revisions\/305"}],"wp:attachment":[{"href":"https:\/\/hundehaltertraining.de\/index.php\/wp-json\/wp\/v2\/media?parent=289"}],"curies":[{"name":"wp","href":"https:\/\/api.w.org\/{rel}","templated":true}]}}