{"id":391,"date":"2026-03-12T12:15:12","date_gmt":"2026-03-12T12:15:12","guid":{"rendered":"https:\/\/hundehaltertraining.de\/?page_id=391"},"modified":"2026-03-12T12:20:13","modified_gmt":"2026-03-12T12:20:13","slug":"mantrailing","status":"publish","type":"page","link":"https:\/\/hundehaltertraining.de\/index.php\/mantrailing\/","title":{"rendered":"Mantrailing"},"content":{"rendered":"\t\t<div data-elementor-type=\"wp-page\" data-elementor-id=\"391\" class=\"elementor elementor-391\">\n\t\t\t\t<div class=\"elementor-element elementor-element-e259ff3 e-flex e-con-boxed e-con e-parent\" data-id=\"e259ff3\" data-element_type=\"container\" data-e-type=\"container\">\n\t\t\t\t\t<div class=\"e-con-inner\">\n\t\t\t\t<div class=\"elementor-element elementor-element-3a3f0f3 elementor-widget elementor-widget-heading\" data-id=\"3a3f0f3\" data-element_type=\"widget\" data-e-type=\"widget\" data-widget_type=\"heading.default\">\n\t\t\t\t\t<h1 class=\"elementor-heading-title elementor-size-default\">Mantrailing<\/h1>\t\t\t\t<\/div>\n\t\t\t\t<div class=\"elementor-element elementor-element-0646479 elementor-widget elementor-widget-text-editor\" data-id=\"0646479\" data-element_type=\"widget\" data-e-type=\"widget\" data-widget_type=\"text-editor.default\">\n\t\t\t\t\t\t\t\t\t<p>Mantrailing ist die klassische Menschensuche. Jeder kennt die schlappohrigen Bloodhounds aus den amerikanischen Filmen, die ausgebrochene Str\u00e4flinge oder T\u00e4ter auf frischer Tat verfolgen.\u00a0<u><\/u><u><\/u><\/p><p>Diese Arbeit k\u00f6nnen alle Hunde leisten. Es ist erstaunlich, was die Hunde in welchen Situationen erriechen k\u00f6nnen. Da es hier nicht auf Geschwindigkeit ankommt, und die Suchbedingungen auch bei eingeschr\u00e4nkten Hunden angepasst werden k\u00f6nnen, ist Mantrailing f\u00fcr alle Gr\u00f6\u00dfen und Altersklassen geeignet.\u00a0<u><\/u><u><\/u><\/p><p>Da die Versteckpersonen sorgf\u00e4ltig zum Versteck gebracht werden m\u00fcssen und die Hunde anschlie\u00dfend in aller Ruhe deren Weg finden und ihm folgen m\u00fcssen, ist Mantrailing eine zeitaufwendige Besch\u00e4ftigung, so dass die Einheiten je nach Anzahl der Hunde 2-3 Stunden dauern k\u00f6nnen.\u00a0<u><\/u><u><\/u><\/p><p>Dieses Training ist auf Dauer angelegt, ein Einstieg ist jederzeit m\u00f6glich, wenn Pl\u00e4tze frei werden. Schaut immer mal wieder in die <a href=\"https:\/\/hundehaltertraining.de\/index.php\/restplatzboerse\/\">Restplatzb\u00f6rse<\/a>.\u00a0<\/p>\t\t\t\t\t\t\t\t<\/div>\n\t\t\t\t\t<\/div>\n\t\t\t\t<\/div>\n\t\t<div class=\"elementor-element elementor-element-9899e23 e-flex e-con-boxed e-con e-parent\" data-id=\"9899e23\" data-element_type=\"container\" data-e-type=\"container\">\n\t\t\t\t\t<div class=\"e-con-inner\">\n\t\t\t\t<div class=\"elementor-element elementor-element-90a543f elementor-widget elementor-widget-button\" data-id=\"90a543f\" data-element_type=\"widget\" data-e-type=\"widget\" data-widget_type=\"button.default\">\n\t\t\t\t\t\t\t\t\t\t<a class=\"elementor-button elementor-button-link elementor-size-sm\" href=\"https:\/\/hundehaltertraining.de\/index.php\/kurse\/\">\n\t\t\t\t\t\t<span class=\"elementor-button-content-wrapper\">\n\t\t\t\t\t\t\t\t\t<span class=\"elementor-button-text\">Zur\u00fcck <\/span>\n\t\t\t\t\t<\/span>\n\t\t\t\t\t<\/a>\n\t\t\t\t\t\t\t\t<\/div>\n\t\t\t\t\t<\/div>\n\t\t\t\t<\/div>\n\t\t\t\t<\/div>\n\t\t","protected":false},"excerpt":{"rendered":"<p>Mantrailing Mantrailing ist die klassische Menschensuche. Jeder kennt die schlappohrigen Bloodhounds aus den amerikanischen Filmen, die ausgebrochene Str\u00e4flinge oder T\u00e4ter auf frischer Tat verfolgen.\u00a0 Diese Arbeit k\u00f6nnen alle Hunde leisten. Es ist erstaunlich, was die Hunde in welchen Situationen erriechen k\u00f6nnen. Da es hier nicht auf Geschwindigkeit ankommt, und die Suchbedingungen auch bei eingeschr\u00e4nkten Hunden [&hellip;]<\/p>\n","protected":false},"author":2,"featured_media":0,"parent":0,"menu_order":0,"comment_status":"closed","ping_status":"closed","template":"","meta":{"footnotes":""},"class_list":["post-391","page","type-page","status-publish","hentry","wpbf-post"],"_links":{"self":[{"href":"https:\/\/hundehaltertraining.de\/index.php\/wp-json\/wp\/v2\/pages\/391","targetHints":{"allow":["GET"]}}],"collection":[{"href":"https:\/\/hundehaltertraining.de\/index.php\/wp-json\/wp\/v2\/pages"}],"about":[{"href":"https:\/\/hundehaltertraining.de\/index.php\/wp-json\/wp\/v2\/types\/page"}],"author":[{"embeddable":true,"href":"https:\/\/hundehaltertraining.de\/index.php\/wp-json\/wp\/v2\/users\/2"}],"replies":[{"embeddable":true,"href":"https:\/\/hundehaltertraining.de\/index.php\/wp-json\/wp\/v2\/comments?post=391"}],"version-history":[{"count":7,"href":"https:\/\/hundehaltertraining.de\/index.php\/wp-json\/wp\/v2\/pages\/391\/revisions"}],"predecessor-version":[{"id":405,"href":"https:\/\/hundehaltertraining.de\/index.php\/wp-json\/wp\/v2\/pages\/391\/revisions\/405"}],"wp:attachment":[{"href":"https:\/\/hundehaltertraining.de\/index.php\/wp-json\/wp\/v2\/media?parent=391"}],"curies":[{"name":"wp","href":"https:\/\/api.w.org\/{rel}","templated":true}]}}