{"id":426,"date":"2026-03-12T12:31:54","date_gmt":"2026-03-12T12:31:54","guid":{"rendered":"https:\/\/hundehaltertraining.de\/?page_id=426"},"modified":"2026-03-13T12:21:49","modified_gmt":"2026-03-13T12:21:49","slug":"hundefuehrerschein-2","status":"publish","type":"page","link":"https:\/\/hundehaltertraining.de\/index.php\/hundefuehrerschein-2\/","title":{"rendered":"Hundef\u00fchrerschein"},"content":{"rendered":"\t\t<div data-elementor-type=\"wp-page\" data-elementor-id=\"426\" class=\"elementor elementor-426\">\n\t\t\t\t<div class=\"elementor-element elementor-element-39a7dd8 e-flex e-con-boxed e-con e-parent\" data-id=\"39a7dd8\" data-element_type=\"container\" data-e-type=\"container\">\n\t\t\t\t\t<div class=\"e-con-inner\">\n\t\t\t\t<div class=\"elementor-element elementor-element-505eadc elementor-widget elementor-widget-heading\" data-id=\"505eadc\" data-element_type=\"widget\" data-e-type=\"widget\" data-widget_type=\"heading.default\">\n\t\t\t\t\t<h1 class=\"elementor-heading-title elementor-size-default\">Hundef\u00fchrerschein<\/h1>\t\t\t\t<\/div>\n\t\t\t\t<div class=\"elementor-element elementor-element-1d6fa6c elementor-widget elementor-widget-text-editor\" data-id=\"1d6fa6c\" data-element_type=\"widget\" data-e-type=\"widget\" data-widget_type=\"text-editor.default\">\n\t\t\t\t\t\t\t\t\t<p>Wir leben mit unseren Hunden auf relativ engem Raum mit anderen Menschen, Tieren und Fahrzeugen zusammen. Der Hund soll sich m\u00f6glichst stressfrei und wohlerzogen mit uns durch unser Leben bewegen, ohne negativ aufzufallen oder gar eine Gefahr darzustellen. Ganz sch\u00f6n viel verlangt von einem Tier, das urspr\u00fcnglich eigentlich einem ganz anderen Lebensumfeld entstammt. Man kann ihn dazu auch nicht programmieren, sondern muss ihm die f\u00fcr uns erforderlichen Verhaltensweisen beibringen, und zwar so, dass der Hund dabei entspannt ist und m\u00f6glichst auch noch Freude hat.\u00a0<u><\/u><u><\/u><\/p><p>Dazu wurde der Hundef\u00fchrerschein &#8222;erfunden&#8220;. In diesem Training wird auf eine Pr\u00fcfung hin wohlerzogenes Verhalten trainiert, dass der Hund zun\u00e4chst ablenkungsarm auf dem Trainingsplatz, danach mit Ablenkung in Park und Stadt zeigen soll. Tats\u00e4chlich ist es so, dass diejenigen, die die Pr\u00fcfung absolvieren, erfolgreicher sind, als diejenigen, die &#8222;nur so&#8220; mitmachen. Ihr Training ist konsequenter und h\u00e4lt dadurch auch danach noch lange vor. Und tats\u00e4chlich darf man hier in der Pr\u00fcfung auch den Hund bei den einzelnen \u00dcbungen belohnen. Also eigentlich gar nicht so dramatisch.\u00a0<u><\/u><u><\/u><\/p><p>Wir trainieren in einem Vorbereitungskurs gemeinsam die Pr\u00fcfungsanforderungen und bestimmen, wer zur Pr\u00fcfung geht und wann. Dieses Training ist \u00e4hnlich wie ein Erziehungskurs und macht den Hunden, wenn wir es richtig anpacken, auch viel Spa\u00df.\u00a0<\/p>\t\t\t\t\t\t\t\t<\/div>\n\t\t<div class=\"elementor-element elementor-element-4890d6b e-grid e-con-full e-con e-child\" data-id=\"4890d6b\" data-element_type=\"container\" data-e-type=\"container\">\n\t\t\t\t<div class=\"elementor-element elementor-element-753ac77 elementor-widget elementor-widget-image\" data-id=\"753ac77\" data-element_type=\"widget\" data-e-type=\"widget\" data-widget_type=\"image.default\">\n\t\t\t\t\t\t\t\t\t\t\t\t\t\t\t<img fetchpriority=\"high\" decoding=\"async\" width=\"225\" height=\"300\" src=\"https:\/\/hundehaltertraining.de\/wp-content\/uploads\/2026\/03\/Hundefuehrerschein2-225x300.jpeg\" class=\"attachment-medium size-medium wp-image-249\" alt=\"\" srcset=\"https:\/\/hundehaltertraining.de\/wp-content\/uploads\/2026\/03\/Hundefuehrerschein2-225x300.jpeg 225w, https:\/\/hundehaltertraining.de\/wp-content\/uploads\/2026\/03\/Hundefuehrerschein2-768x1024.jpeg 768w, https:\/\/hundehaltertraining.de\/wp-content\/uploads\/2026\/03\/Hundefuehrerschein2-1152x1536.jpeg 1152w, https:\/\/hundehaltertraining.de\/wp-content\/uploads\/2026\/03\/Hundefuehrerschein2.jpeg 1500w\" sizes=\"(max-width: 225px) 100vw, 225px\" \/>\t\t\t\t\t\t\t\t\t\t\t\t\t\t\t<\/div>\n\t\t\t\t<div class=\"elementor-element elementor-element-30d4250 elementor-widget elementor-widget-image\" data-id=\"30d4250\" data-element_type=\"widget\" data-e-type=\"widget\" data-widget_type=\"image.default\">\n\t\t\t\t\t\t\t\t\t\t\t\t\t\t\t<img decoding=\"async\" width=\"225\" height=\"300\" src=\"https:\/\/hundehaltertraining.de\/wp-content\/uploads\/2026\/03\/Hundefuehrerschein3-225x300.jpeg\" class=\"attachment-medium size-medium wp-image-250\" alt=\"\" srcset=\"https:\/\/hundehaltertraining.de\/wp-content\/uploads\/2026\/03\/Hundefuehrerschein3-225x300.jpeg 225w, https:\/\/hundehaltertraining.de\/wp-content\/uploads\/2026\/03\/Hundefuehrerschein3-768x1024.jpeg 768w, https:\/\/hundehaltertraining.de\/wp-content\/uploads\/2026\/03\/Hundefuehrerschein3-1152x1536.jpeg 1152w, https:\/\/hundehaltertraining.de\/wp-content\/uploads\/2026\/03\/Hundefuehrerschein3.jpeg 1500w\" sizes=\"(max-width: 225px) 100vw, 225px\" \/>\t\t\t\t\t\t\t\t\t\t\t\t\t\t\t<\/div>\n\t\t\t\t<\/div>\n\t\t\t\t<div class=\"elementor-element elementor-element-1285add elementor-widget elementor-widget-button\" data-id=\"1285add\" data-element_type=\"widget\" data-e-type=\"widget\" data-widget_type=\"button.default\">\n\t\t\t\t\t\t\t\t\t\t<a class=\"elementor-button elementor-button-link elementor-size-sm\" href=\"https:\/\/hundehaltertraining.de\/index.php\/anmeldung\/\">\n\t\t\t\t\t\t<span class=\"elementor-button-content-wrapper\">\n\t\t\t\t\t\t\t\t\t<span class=\"elementor-button-text\">Hier geht's zur Anmeldung<\/span>\n\t\t\t\t\t<\/span>\n\t\t\t\t\t<\/a>\n\t\t\t\t\t\t\t\t<\/div>\n\t\t\t\t<div class=\"elementor-element elementor-element-567b936 elementor-widget elementor-widget-button\" data-id=\"567b936\" data-element_type=\"widget\" data-e-type=\"widget\" data-widget_type=\"button.default\">\n\t\t\t\t\t\t\t\t\t\t<a class=\"elementor-button elementor-button-link elementor-size-sm\" href=\"https:\/\/hundehaltertraining.de\/index.php\/kurse\/\">\n\t\t\t\t\t\t<span class=\"elementor-button-content-wrapper\">\n\t\t\t\t\t\t\t\t\t<span class=\"elementor-button-text\">Zur\u00fcck <\/span>\n\t\t\t\t\t<\/span>\n\t\t\t\t\t<\/a>\n\t\t\t\t\t\t\t\t<\/div>\n\t\t\t\t\t<\/div>\n\t\t\t\t<\/div>\n\t\t\t\t<\/div>\n\t\t","protected":false},"excerpt":{"rendered":"<p>Hundef\u00fchrerschein Wir leben mit unseren Hunden auf relativ engem Raum mit anderen Menschen, Tieren und Fahrzeugen zusammen. Der Hund soll sich m\u00f6glichst stressfrei und wohlerzogen mit uns durch unser Leben bewegen, ohne negativ aufzufallen oder gar eine Gefahr darzustellen. Ganz sch\u00f6n viel verlangt von einem Tier, das urspr\u00fcnglich eigentlich einem ganz anderen Lebensumfeld entstammt. Man [&hellip;]<\/p>\n","protected":false},"author":2,"featured_media":0,"parent":0,"menu_order":0,"comment_status":"closed","ping_status":"closed","template":"","meta":{"footnotes":""},"class_list":["post-426","page","type-page","status-publish","hentry","wpbf-post"],"_links":{"self":[{"href":"https:\/\/hundehaltertraining.de\/index.php\/wp-json\/wp\/v2\/pages\/426","targetHints":{"allow":["GET"]}}],"collection":[{"href":"https:\/\/hundehaltertraining.de\/index.php\/wp-json\/wp\/v2\/pages"}],"about":[{"href":"https:\/\/hundehaltertraining.de\/index.php\/wp-json\/wp\/v2\/types\/page"}],"author":[{"embeddable":true,"href":"https:\/\/hundehaltertraining.de\/index.php\/wp-json\/wp\/v2\/users\/2"}],"replies":[{"embeddable":true,"href":"https:\/\/hundehaltertraining.de\/index.php\/wp-json\/wp\/v2\/comments?post=426"}],"version-history":[{"count":7,"href":"https:\/\/hundehaltertraining.de\/index.php\/wp-json\/wp\/v2\/pages\/426\/revisions"}],"predecessor-version":[{"id":638,"href":"https:\/\/hundehaltertraining.de\/index.php\/wp-json\/wp\/v2\/pages\/426\/revisions\/638"}],"wp:attachment":[{"href":"https:\/\/hundehaltertraining.de\/index.php\/wp-json\/wp\/v2\/media?parent=426"}],"curies":[{"name":"wp","href":"https:\/\/api.w.org\/{rel}","templated":true}]}}