{"id":453,"date":"2026-03-12T13:29:19","date_gmt":"2026-03-12T13:29:19","guid":{"rendered":"https:\/\/hundehaltertraining.de\/?page_id=453"},"modified":"2026-03-12T13:29:20","modified_gmt":"2026-03-12T13:29:20","slug":"anmeldung","status":"publish","type":"page","link":"https:\/\/hundehaltertraining.de\/index.php\/anmeldung\/","title":{"rendered":"Anmeldung"},"content":{"rendered":"<div class=\"wpforms-container wpforms-container-full wpforms-block wpforms-block-d8561082-15b4-4fd0-9281-1de25f7b1469 wpforms-render-modern\" id=\"wpforms-438\"><form id=\"wpforms-form-438\" class=\"wpforms-validate wpforms-form wpforms-ajax-form\" data-formid=\"438\" method=\"post\" enctype=\"multipart\/form-data\" action=\"\/index.php\/wp-json\/wp\/v2\/pages\/453\" data-token=\"54ca9823d6152b3a065f6277e87a96f2\" data-token-time=\"1776600279\"><noscript class=\"wpforms-error-noscript\">Bitte aktiviere JavaScript in deinem Browser, um dieses Formular fertigzustellen.<\/noscript><div id=\"wpforms-error-noscript\" style=\"display: none;\">Bitte aktiviere JavaScript in deinem Browser, um dieses Formular fertigzustellen.<\/div><div class=\"wpforms-field-container\"><div id=\"wpforms-438-field_12-container\" class=\"wpforms-field wpforms-field-checkbox\" data-field-id=\"12\"><fieldset><legend class=\"wpforms-field-label\">Ich bin bereits Kunde  <span class=\"wpforms-required-label\" aria-hidden=\"true\">*<\/span><\/legend><ul id=\"wpforms-438-field_12\" class=\"wpforms-field-required\"><li class=\"choice-1 depth-1\"><input type=\"checkbox\" id=\"wpforms-438-field_12_1\" name=\"wpforms[fields][12][]\" value=\"Ja\" aria-errormessage=\"wpforms-438-field_12_1-error\" required ><label class=\"wpforms-field-label-inline\" for=\"wpforms-438-field_12_1\">Ja<\/label><\/li><li class=\"choice-2 depth-1\"><input type=\"checkbox\" id=\"wpforms-438-field_12_2\" name=\"wpforms[fields][12][]\" value=\"Nein\" aria-errormessage=\"wpforms-438-field_12_2-error\" required ><label class=\"wpforms-field-label-inline\" for=\"wpforms-438-field_12_2\">Nein<\/label><\/li><\/ul><\/fieldset><\/div><div id=\"wpforms-438-field_1-container\" class=\"wpforms-field wpforms-field-name\" data-field-id=\"1\"><fieldset><legend class=\"wpforms-field-label\">Name <span class=\"wpforms-required-label\" aria-hidden=\"true\">*<\/span><\/legend><div class=\"wpforms-field-row wpforms-field-medium\"><div class=\"wpforms-field-row-block wpforms-first wpforms-one-half\"><input type=\"text\" id=\"wpforms-438-field_1\" class=\"wpforms-field-name-first wpforms-field-required\" name=\"wpforms[fields][1][first]\" aria-errormessage=\"wpforms-438-field_1-error\" required><label for=\"wpforms-438-field_1\" class=\"wpforms-field-sublabel after\">Vorname<\/label><\/div><div class=\"wpforms-field-row-block wpforms-one-half\"><input type=\"text\" id=\"wpforms-438-field_1-last\" class=\"wpforms-field-name-last wpforms-field-required\" name=\"wpforms[fields][1][last]\" aria-errormessage=\"wpforms-438-field_1-last-error\" required><label for=\"wpforms-438-field_1-last\" class=\"wpforms-field-sublabel after\">Nachname<\/label><\/div><\/div><\/fieldset><\/div><div id=\"wpforms-438-field_5-container\" class=\"wpforms-field wpforms-field-text\" data-field-id=\"5\"><label class=\"wpforms-field-label\" for=\"wpforms-438-field_5\">Stra\u00dfe, Hausnummer <span class=\"wpforms-required-label\" aria-hidden=\"true\">*<\/span><\/label><input type=\"text\" id=\"wpforms-438-field_5\" class=\"wpforms-field-medium wpforms-field-required\" name=\"wpforms[fields][5]\" aria-errormessage=\"wpforms-438-field_5-error\" required><\/div><div id=\"wpforms-438-field_6-container\" class=\"wpforms-field wpforms-field-text\" data-field-id=\"6\"><label class=\"wpforms-field-label\" for=\"wpforms-438-field_6\">PLZ, Wohnort <span class=\"wpforms-required-label\" aria-hidden=\"true\">*<\/span><\/label><input type=\"text\" id=\"wpforms-438-field_6\" class=\"wpforms-field-medium wpforms-field-required\" name=\"wpforms[fields][6]\" aria-errormessage=\"wpforms-438-field_6-error\" required><\/div><div id=\"wpforms-438-field_2-container\" class=\"wpforms-field wpforms-field-email\" data-field-id=\"2\"><label class=\"wpforms-field-label\" for=\"wpforms-438-field_2\">E-Mail-Adresse: <span class=\"wpforms-required-label\" aria-hidden=\"true\">*<\/span><\/label><input type=\"email\" id=\"wpforms-438-field_2\" class=\"wpforms-field-medium wpforms-field-required\" name=\"wpforms[fields][2]\" spellcheck=\"false\" aria-errormessage=\"wpforms-438-field_2-error\" required><\/div><div id=\"wpforms-438-field_7-container\" class=\"wpforms-field wpforms-field-text\" data-field-id=\"7\"><label class=\"wpforms-field-label\" for=\"wpforms-438-field_7\">Telefonnummer: <span class=\"wpforms-required-label\" aria-hidden=\"true\">*<\/span><\/label><input type=\"text\" id=\"wpforms-438-field_7\" class=\"wpforms-field-medium wpforms-field-required\" name=\"wpforms[fields][7]\" aria-errormessage=\"wpforms-438-field_7-error\" required><\/div><div id=\"wpforms-438-field_8-container\" class=\"wpforms-field wpforms-field-text\" data-field-id=\"8\"><label class=\"wpforms-field-label\" for=\"wpforms-438-field_8\">Kurs:  <span class=\"wpforms-required-label\" aria-hidden=\"true\">*<\/span><\/label><input type=\"text\" id=\"wpforms-438-field_8\" class=\"wpforms-field-medium wpforms-field-required\" name=\"wpforms[fields][8]\" aria-errormessage=\"wpforms-438-field_8-error\" required><\/div><div id=\"wpforms-438-field_21-container\" class=\"wpforms-field wpforms-field-select wpforms-field-select-style-classic\" data-field-id=\"21\"><label class=\"wpforms-field-label\" for=\"wpforms-438-field_21\">Trainer  <span class=\"wpforms-required-label\" aria-hidden=\"true\">*<\/span><\/label><select id=\"wpforms-438-field_21\" class=\"wpforms-field-medium wpforms-field-required\" name=\"wpforms[fields][21]\" required=\"required\"><option value=\"\" class=\"placeholder\" disabled  selected='selected'>&#8212; Auswahl treffen &#8212;<\/option><option value=\"Anette Knobloch\"  class=\"choice-1 depth-1\"  >Anette Knobloch<\/option><option value=\"Jule Hensch-Pfeifer\"  class=\"choice-2 depth-1\"  >Jule Hensch-Pfeifer<\/option><option value=\"Katrin Elsner\"  class=\"choice-3 depth-1\"  >Katrin Elsner<\/option><option value=\"Ulrike Kortendieck\"  class=\"choice-4 depth-1\"  >Ulrike Kortendieck<\/option><option value=\"Sabine Schmitt\"  class=\"choice-5 depth-1\"  >Sabine Schmitt<\/option><\/select><\/div><div id=\"wpforms-438-field_9-container\" class=\"wpforms-field wpforms-field-text\" data-field-id=\"9\"><label class=\"wpforms-field-label\" for=\"wpforms-438-field_9\">Startdatum Kurs:<\/label><input type=\"text\" id=\"wpforms-438-field_9\" class=\"wpforms-field-medium\" name=\"wpforms[fields][9]\" aria-errormessage=\"wpforms-438-field_9-error\" ><\/div><div id=\"wpforms-438-field_13-container\" class=\"wpforms-field wpforms-field-text\" data-field-id=\"13\"><label class=\"wpforms-field-label\" for=\"wpforms-438-field_13\">Name Hund: <span class=\"wpforms-required-label\" aria-hidden=\"true\">*<\/span><\/label><input type=\"text\" id=\"wpforms-438-field_13\" class=\"wpforms-field-medium wpforms-field-required\" name=\"wpforms[fields][13]\" aria-errormessage=\"wpforms-438-field_13-error\" required><\/div><div id=\"wpforms-438-field_15-container\" class=\"wpforms-field wpforms-field-text\" data-field-id=\"15\"><label class=\"wpforms-field-label\" for=\"wpforms-438-field_15\">Geburtsdatum Hund: <span class=\"wpforms-required-label\" aria-hidden=\"true\">*<\/span><\/label><input type=\"text\" id=\"wpforms-438-field_15\" class=\"wpforms-field-medium wpforms-field-required\" name=\"wpforms[fields][15]\" aria-errormessage=\"wpforms-438-field_15-error\" required><\/div><div id=\"wpforms-438-field_14-container\" class=\"wpforms-field wpforms-field-text\" data-field-id=\"14\"><label class=\"wpforms-field-label\" for=\"wpforms-438-field_14\">Rasse:  <span class=\"wpforms-required-label\" aria-hidden=\"true\">*<\/span><\/label><input type=\"text\" id=\"wpforms-438-field_14\" class=\"wpforms-field-medium wpforms-field-required\" name=\"wpforms[fields][14]\" aria-errormessage=\"wpforms-438-field_14-error\" required><\/div>\t\t<div id=\"wpforms-438-field_4-container\"\n\t\t\tclass=\"wpforms-field wpforms-field-text\"\n\t\t\tdata-field-type=\"text\"\n\t\t\tdata-field-id=\"4\"\n\t\t\t>\n\t\t\t<label class=\"wpforms-field-label\" for=\"wpforms-438-field_4\" >Hund: Nachricht Kunde<\/label>\n\t\t\t<input type=\"text\" id=\"wpforms-438-field_4\" class=\"wpforms-field-medium\" name=\"wpforms[fields][4]\" >\n\t\t<\/div>\n\t\t<div id=\"wpforms-438-field_18-container\" class=\"wpforms-field wpforms-field-checkbox\" data-field-id=\"18\"><fieldset><legend class=\"wpforms-field-label\">Geschlecht: <span class=\"wpforms-required-label\" aria-hidden=\"true\">*<\/span><\/legend><ul id=\"wpforms-438-field_18\" class=\"wpforms-field-required\"><li class=\"choice-1 depth-1\"><input type=\"checkbox\" id=\"wpforms-438-field_18_1\" name=\"wpforms[fields][18][]\" value=\"H\u00fcndin\" aria-errormessage=\"wpforms-438-field_18_1-error\" required ><label class=\"wpforms-field-label-inline\" for=\"wpforms-438-field_18_1\">H\u00fcndin<\/label><\/li><li class=\"choice-2 depth-1\"><input type=\"checkbox\" id=\"wpforms-438-field_18_2\" name=\"wpforms[fields][18][]\" value=\"R\u00fcde\" aria-errormessage=\"wpforms-438-field_18_2-error\" required ><label class=\"wpforms-field-label-inline\" for=\"wpforms-438-field_18_2\">R\u00fcde<\/label><\/li><\/ul><\/fieldset><\/div><div id=\"wpforms-438-field_19-container\" class=\"wpforms-field wpforms-field-checkbox\" data-field-id=\"19\"><fieldset><legend class=\"wpforms-field-label\">Kastriert:  <span class=\"wpforms-required-label\" aria-hidden=\"true\">*<\/span><\/legend><ul id=\"wpforms-438-field_19\" class=\"wpforms-field-required\"><li class=\"choice-1 depth-1\"><input type=\"checkbox\" id=\"wpforms-438-field_19_1\" name=\"wpforms[fields][19][]\" value=\"Ja\" aria-errormessage=\"wpforms-438-field_19_1-error\" required ><label class=\"wpforms-field-label-inline\" for=\"wpforms-438-field_19_1\">Ja<\/label><\/li><li class=\"choice-2 depth-1\"><input type=\"checkbox\" id=\"wpforms-438-field_19_2\" name=\"wpforms[fields][19][]\" value=\"Nein\" aria-errormessage=\"wpforms-438-field_19_2-error\" required ><label class=\"wpforms-field-label-inline\" for=\"wpforms-438-field_19_2\">Nein<\/label><\/li><\/ul><\/fieldset><\/div><div id=\"wpforms-438-field_20-container\" class=\"wpforms-field wpforms-field-checkbox\" data-field-id=\"20\"><fieldset><legend class=\"wpforms-field-label\">Der Hund ist versichert:  <span class=\"wpforms-required-label\" aria-hidden=\"true\">*<\/span><\/legend><ul id=\"wpforms-438-field_20\" class=\"wpforms-field-required\"><li class=\"choice-1 depth-1\"><input type=\"checkbox\" id=\"wpforms-438-field_20_1\" name=\"wpforms[fields][20][]\" value=\"Ja\" aria-errormessage=\"wpforms-438-field_20_1-error\" required ><label class=\"wpforms-field-label-inline\" for=\"wpforms-438-field_20_1\">Ja<\/label><\/li><li class=\"choice-2 depth-1\"><input type=\"checkbox\" id=\"wpforms-438-field_20_2\" name=\"wpforms[fields][20][]\" value=\"Nein\" aria-errormessage=\"wpforms-438-field_20_2-error\" required ><label class=\"wpforms-field-label-inline\" for=\"wpforms-438-field_20_2\">Nein<\/label><\/li><\/ul><\/fieldset><\/div><div id=\"wpforms-438-field_3-container\" class=\"wpforms-field wpforms-field-textarea\" data-field-id=\"3\"><label class=\"wpforms-field-label\" for=\"wpforms-438-field_3\">Kommentar oder Nachricht an uns:<\/label><textarea id=\"wpforms-438-field_3\" class=\"wpforms-field-medium\" name=\"wpforms[fields][3]\" aria-errormessage=\"wpforms-438-field_3-error\" ><\/textarea><\/div><div id=\"wpforms-438-field_11-container\" class=\"wpforms-field wpforms-field-checkbox\" data-field-id=\"11\"><fieldset><legend class=\"wpforms-field-label\">Datenschutzerkl\u00e4rung  <span class=\"wpforms-required-label\" aria-hidden=\"true\">*<\/span><\/legend><ul id=\"wpforms-438-field_11\" class=\"wpforms-field-required\"><li class=\"choice-1 depth-1\"><input type=\"checkbox\" id=\"wpforms-438-field_11_1\" name=\"wpforms[fields][11][]\" value=\"Ja\" aria-errormessage=\"wpforms-438-field_11_1-error\" aria-describedby=\"wpforms-438-field_11-description\" required ><label class=\"wpforms-field-label-inline\" for=\"wpforms-438-field_11_1\">Ja<\/label><\/li><\/ul><div id=\"wpforms-438-field_11-description\" class=\"wpforms-field-description\"> Ich habe die Datenschutzerkl\u00e4rung gelesen und erkl\u00e4re mich ausdr\u00fccklich mit der Verarbeitung meiner Daten f\u00fcr die im Rahmen des Hundeschulbetriebs erforderlichen Prozesse einverstanden.<\/div><\/fieldset><\/div><script>\n\t\t\t\t( function() {\n\t\t\t\t\tconst style = document.createElement( 'style' );\n\t\t\t\t\tstyle.appendChild( document.createTextNode( '#wpforms-438-field_4-container { position: absolute !important; overflow: hidden !important; display: inline !important; height: 1px !important; width: 1px !important; z-index: -1000 !important; padding: 0 !important; } #wpforms-438-field_4-container input { visibility: hidden; } #wpforms-conversational-form-page #wpforms-438-field_4-container label { counter-increment: none; }' ) );\n\t\t\t\t\tdocument.head.appendChild( style );\n\t\t\t\t\tdocument.currentScript?.remove();\n\t\t\t\t} )();\n\t\t\t<\/script><\/div><!-- .wpforms-field-container --><div class=\"wpforms-submit-container\" ><input type=\"hidden\" name=\"wpforms[id]\" value=\"438\"><input type=\"hidden\" name=\"page_title\" value=\"\"><input type=\"hidden\" name=\"page_url\" value=\"https:\/\/hundehaltertraining.de\/index.php\/wp-json\/wp\/v2\/pages\/453\"><input type=\"hidden\" name=\"url_referer\" value=\"\"><button type=\"submit\" name=\"wpforms[submit]\" id=\"wpforms-submit-438\" class=\"wpforms-submit\" data-alt-text=\"Wird gesendet\u00a0\u2026\" data-submit-text=\"Absenden\" aria-live=\"assertive\" value=\"wpforms-submit\">Absenden<\/button><img decoding=\"async\" src=\"https:\/\/hundehaltertraining.de\/wp-content\/plugins\/wpforms-lite\/assets\/images\/submit-spin.svg\" class=\"wpforms-submit-spinner\" style=\"display: none;\" width=\"26\" height=\"26\" alt=\"Wird geladen\"><\/div><\/form><\/div>  <!-- .wpforms-container -->","protected":false},"excerpt":{"rendered":"","protected":false},"author":2,"featured_media":0,"parent":0,"menu_order":0,"comment_status":"closed","ping_status":"closed","template":"","meta":{"footnotes":""},"class_list":["post-453","page","type-page","status-publish","hentry","wpbf-post"],"_links":{"self":[{"href":"https:\/\/hundehaltertraining.de\/index.php\/wp-json\/wp\/v2\/pages\/453","targetHints":{"allow":["GET"]}}],"collection":[{"href":"https:\/\/hundehaltertraining.de\/index.php\/wp-json\/wp\/v2\/pages"}],"about":[{"href":"https:\/\/hundehaltertraining.de\/index.php\/wp-json\/wp\/v2\/types\/page"}],"author":[{"embeddable":true,"href":"https:\/\/hundehaltertraining.de\/index.php\/wp-json\/wp\/v2\/users\/2"}],"replies":[{"embeddable":true,"href":"https:\/\/hundehaltertraining.de\/index.php\/wp-json\/wp\/v2\/comments?post=453"}],"version-history":[{"count":1,"href":"https:\/\/hundehaltertraining.de\/index.php\/wp-json\/wp\/v2\/pages\/453\/revisions"}],"predecessor-version":[{"id":455,"href":"https:\/\/hundehaltertraining.de\/index.php\/wp-json\/wp\/v2\/pages\/453\/revisions\/455"}],"wp:attachment":[{"href":"https:\/\/hundehaltertraining.de\/index.php\/wp-json\/wp\/v2\/media?parent=453"}],"curies":[{"name":"wp","href":"https:\/\/api.w.org\/{rel}","templated":true}]}}